{"id":11,"date":"2023-12-29T11:19:13","date_gmt":"2023-12-29T10:19:13","guid":{"rendered":"https:\/\/bretagne.wordcamp.org\/2024\/location\/"},"modified":"2024-09-20T11:49:20","modified_gmt":"2024-09-20T09:49:20","slug":"lieu","status":"publish","type":"page","link":"https:\/\/bretagne.wordcamp.org\/2024\/lieu\/","title":{"rendered":"Couvent des Jacobins"},"content":{"rendered":"\n<section class=\"wp-block-group alignfull is-layout-flow wp-block-group-is-layout-flow\" style=\"padding-top:var(--wp--preset--spacing--20);padding-bottom:var(--wp--preset--spacing--20)\">\n<div class=\"wp-block-group alignwide has-global-padding is-layout-constrained wp-block-group-is-layout-constrained\">\n<div class=\"wp-block-group alignwide is-layout-flow wp-container-core-group-is-layout-c951c46d wp-block-group-is-layout-flow\">\n<p class=\"has-text-align-center has-unbounded-font-family\" style=\"font-style:normal;font-weight:500\">20 Place Sainte-Anne <br>35000 Rennes<\/p>\n\n\n\n<div class=\"wp-block-columns alignwide is-layout-flex wp-container-core-columns-is-layout-c6809a2b wp-block-columns-is-layout-flex\">\n<div class=\"wp-block-column is-layout-flow wp-container-core-column-is-layout-8a368f38 wp-block-column-is-layout-flow\">\n<figure class=\"wp-block-image size-large is-style-rounded is-style-rounded--1\"><img data-recalc-dims=\"1\" loading=\"lazy\" decoding=\"async\" width=\"1024\" height=\"683\" src=\"https:\/\/i0.wp.com\/bretagne.wordcamp.org\/2024\/files\/2024\/05\/29042024-PXL_20240429_095818139.jpg?resize=1024%2C683&#038;ssl=1\" alt=\"Photo en couleur de l'ext\u00e9rieur du Couvent des Jacobins depuis la place Sainte-Anne, avec son toit d'ardoise, son ancienne \u00e9glise et la tour signal.\" class=\"wp-image-556\" style=\"aspect-ratio:4\/3;object-fit:cover\" srcset=\"https:\/\/i0.wp.com\/bretagne.wordcamp.org\/2024\/files\/2024\/05\/29042024-PXL_20240429_095818139-scaled.jpg?resize=1024%2C683&amp;ssl=1 1024w, https:\/\/i0.wp.com\/bretagne.wordcamp.org\/2024\/files\/2024\/05\/29042024-PXL_20240429_095818139-scaled.jpg?resize=300%2C200&amp;ssl=1 300w, https:\/\/i0.wp.com\/bretagne.wordcamp.org\/2024\/files\/2024\/05\/29042024-PXL_20240429_095818139-scaled.jpg?resize=768%2C512&amp;ssl=1 768w, https:\/\/i0.wp.com\/bretagne.wordcamp.org\/2024\/files\/2024\/05\/29042024-PXL_20240429_095818139-scaled.jpg?resize=450%2C300&amp;ssl=1 450w, https:\/\/i0.wp.com\/bretagne.wordcamp.org\/2024\/files\/2024\/05\/29042024-PXL_20240429_095818139-scaled.jpg?resize=1536%2C1024&amp;ssl=1 1536w, https:\/\/i0.wp.com\/bretagne.wordcamp.org\/2024\/files\/2024\/05\/29042024-PXL_20240429_095818139-scaled.jpg?resize=2048%2C1365&amp;ssl=1 2048w\" sizes=\"auto, (max-width: 1000px) 100vw, 1000px\" \/><\/figure>\n\n\n\n<div style=\"height:var(--wp--preset--spacing--40)\" aria-hidden=\"true\" class=\"wp-block-spacer\"><\/div>\n\n\n\n<figure class=\"wp-block-image size-large is-style-rounded is-style-rounded--2\"><img data-recalc-dims=\"1\" loading=\"lazy\" decoding=\"async\" width=\"683\" height=\"1024\" src=\"https:\/\/i0.wp.com\/bretagne.wordcamp.org\/2024\/files\/2024\/05\/29042024-PXL_20240429_102744385.jpg?resize=683%2C1024&#038;ssl=1\" alt=\"\" class=\"wp-image-620\" style=\"aspect-ratio:3\/4;object-fit:cover\" srcset=\"https:\/\/i0.wp.com\/bretagne.wordcamp.org\/2024\/files\/2024\/05\/29042024-PXL_20240429_102744385-scaled.jpg?resize=683%2C1024&amp;ssl=1 683w, https:\/\/i0.wp.com\/bretagne.wordcamp.org\/2024\/files\/2024\/05\/29042024-PXL_20240429_102744385-scaled.jpg?resize=200%2C300&amp;ssl=1 200w, https:\/\/i0.wp.com\/bretagne.wordcamp.org\/2024\/files\/2024\/05\/29042024-PXL_20240429_102744385-scaled.jpg?resize=768%2C1152&amp;ssl=1 768w, https:\/\/i0.wp.com\/bretagne.wordcamp.org\/2024\/files\/2024\/05\/29042024-PXL_20240429_102744385-scaled.jpg?resize=1024%2C1536&amp;ssl=1 1024w, https:\/\/i0.wp.com\/bretagne.wordcamp.org\/2024\/files\/2024\/05\/29042024-PXL_20240429_102744385-scaled.jpg?resize=1366%2C2048&amp;ssl=1 1366w, https:\/\/i0.wp.com\/bretagne.wordcamp.org\/2024\/files\/2024\/05\/29042024-PXL_20240429_102744385-scaled.jpg?w=1707&amp;ssl=1 1707w\" sizes=\"auto, (max-width: 683px) 100vw, 683px\" \/><\/figure>\n<\/div>\n\n\n\n<div class=\"wp-block-column is-layout-flow wp-container-core-column-is-layout-8a368f38 wp-block-column-is-layout-flow\">\n<div style=\"height:var(--wp--preset--spacing--40)\" aria-hidden=\"true\" class=\"wp-block-spacer\"><\/div>\n\n\n\n<figure class=\"wp-block-image size-large is-style-rounded is-style-rounded--3\"><img data-recalc-dims=\"1\" loading=\"lazy\" decoding=\"async\" width=\"768\" height=\"1024\" src=\"https:\/\/i0.wp.com\/bretagne.wordcamp.org\/2024\/files\/2024\/05\/La_NEF-JF_Molliere-7080.jpg?resize=768%2C1024&#038;ssl=1\" alt=\"Photo en couleur de l'int\u00e9rieur de la nef du couvent des Jacobins et sa grande vo\u00fbte historique.\" class=\"wp-image-866\" style=\"aspect-ratio:3\/4;object-fit:cover\" srcset=\"https:\/\/i0.wp.com\/bretagne.wordcamp.org\/2024\/files\/2024\/05\/La_NEF-JF_Molliere-7080-scaled.jpg?resize=768%2C1024&amp;ssl=1 768w, https:\/\/i0.wp.com\/bretagne.wordcamp.org\/2024\/files\/2024\/05\/La_NEF-JF_Molliere-7080-scaled.jpg?resize=225%2C300&amp;ssl=1 225w, https:\/\/i0.wp.com\/bretagne.wordcamp.org\/2024\/files\/2024\/05\/La_NEF-JF_Molliere-7080-scaled.jpg?resize=1152%2C1536&amp;ssl=1 1152w, https:\/\/i0.wp.com\/bretagne.wordcamp.org\/2024\/files\/2024\/05\/La_NEF-JF_Molliere-7080-scaled.jpg?resize=1536%2C2048&amp;ssl=1 1536w, https:\/\/i0.wp.com\/bretagne.wordcamp.org\/2024\/files\/2024\/05\/La_NEF-JF_Molliere-7080-scaled.jpg?w=1920&amp;ssl=1 1920w\" sizes=\"auto, (max-width: 768px) 100vw, 768px\" \/><\/figure>\n\n\n\n<div style=\"height:var(--wp--preset--spacing--40)\" aria-hidden=\"true\" class=\"wp-block-spacer\"><\/div>\n\n\n\n<figure class=\"wp-block-image size-large is-style-rounded is-style-rounded--4\"><img data-recalc-dims=\"1\" loading=\"lazy\" decoding=\"async\" width=\"1024\" height=\"683\" src=\"https:\/\/i0.wp.com\/bretagne.wordcamp.org\/2024\/files\/2024\/05\/29042024-PXL_20240429_102046070.MP_.jpg?resize=1024%2C683&#038;ssl=1\" alt=\"\" class=\"wp-image-577\" style=\"aspect-ratio:4\/3;object-fit:cover\" srcset=\"https:\/\/i0.wp.com\/bretagne.wordcamp.org\/2024\/files\/2024\/05\/29042024-PXL_20240429_102046070.MP_-scaled.jpg?resize=1024%2C683&amp;ssl=1 1024w, https:\/\/i0.wp.com\/bretagne.wordcamp.org\/2024\/files\/2024\/05\/29042024-PXL_20240429_102046070.MP_-scaled.jpg?resize=300%2C200&amp;ssl=1 300w, https:\/\/i0.wp.com\/bretagne.wordcamp.org\/2024\/files\/2024\/05\/29042024-PXL_20240429_102046070.MP_-scaled.jpg?resize=768%2C512&amp;ssl=1 768w, https:\/\/i0.wp.com\/bretagne.wordcamp.org\/2024\/files\/2024\/05\/29042024-PXL_20240429_102046070.MP_-scaled.jpg?resize=450%2C300&amp;ssl=1 450w, https:\/\/i0.wp.com\/bretagne.wordcamp.org\/2024\/files\/2024\/05\/29042024-PXL_20240429_102046070.MP_-scaled.jpg?resize=1536%2C1024&amp;ssl=1 1536w, https:\/\/i0.wp.com\/bretagne.wordcamp.org\/2024\/files\/2024\/05\/29042024-PXL_20240429_102046070.MP_-scaled.jpg?resize=2048%2C1365&amp;ssl=1 2048w\" sizes=\"auto, (max-width: 1000px) 100vw, 1000px\" \/><\/figure>\n\n\n\n<div style=\"height:var(--wp--preset--spacing--40)\" aria-hidden=\"true\" class=\"wp-block-spacer\"><\/div>\n<\/div>\n\n\n\n<div class=\"wp-block-column is-layout-flow wp-container-core-column-is-layout-8a368f38 wp-block-column-is-layout-flow\">\n<figure class=\"wp-block-image size-large is-style-rounded is-style-rounded--5\"><img data-recalc-dims=\"1\" loading=\"lazy\" decoding=\"async\" width=\"1024\" height=\"576\" src=\"https:\/\/i0.wp.com\/bretagne.wordcamp.org\/2024\/files\/2024\/05\/29042024-PXL_20240429_102945446.jpg?resize=1024%2C576&#038;ssl=1\" alt=\"\" class=\"wp-image-574\" style=\"aspect-ratio:4\/3;object-fit:cover\" srcset=\"https:\/\/i0.wp.com\/bretagne.wordcamp.org\/2024\/files\/2024\/05\/29042024-PXL_20240429_102945446-scaled.jpg?resize=1024%2C576&amp;ssl=1 1024w, https:\/\/i0.wp.com\/bretagne.wordcamp.org\/2024\/files\/2024\/05\/29042024-PXL_20240429_102945446-scaled.jpg?resize=300%2C169&amp;ssl=1 300w, https:\/\/i0.wp.com\/bretagne.wordcamp.org\/2024\/files\/2024\/05\/29042024-PXL_20240429_102945446-scaled.jpg?resize=768%2C432&amp;ssl=1 768w, https:\/\/i0.wp.com\/bretagne.wordcamp.org\/2024\/files\/2024\/05\/29042024-PXL_20240429_102945446-scaled.jpg?resize=500%2C281&amp;ssl=1 500w, https:\/\/i0.wp.com\/bretagne.wordcamp.org\/2024\/files\/2024\/05\/29042024-PXL_20240429_102945446-scaled.jpg?resize=1536%2C864&amp;ssl=1 1536w, https:\/\/i0.wp.com\/bretagne.wordcamp.org\/2024\/files\/2024\/05\/29042024-PXL_20240429_102945446-scaled.jpg?resize=2048%2C1152&amp;ssl=1 2048w\" sizes=\"auto, (max-width: 1000px) 100vw, 1000px\" \/><\/figure>\n\n\n\n<div style=\"height:var(--wp--preset--spacing--40)\" aria-hidden=\"true\" class=\"wp-block-spacer\"><\/div>\n\n\n\n<figure class=\"wp-block-image size-large is-style-rounded is-style-rounded--6\"><img data-recalc-dims=\"1\" loading=\"lazy\" decoding=\"async\" width=\"683\" height=\"1024\" src=\"https:\/\/i0.wp.com\/bretagne.wordcamp.org\/2024\/files\/2024\/05\/29042024-IMG_20240429_121707-1.jpg?resize=683%2C1024&#038;ssl=1\" alt=\"\" class=\"wp-image-622\" style=\"aspect-ratio:3\/4;object-fit:cover\" srcset=\"https:\/\/i0.wp.com\/bretagne.wordcamp.org\/2024\/files\/2024\/05\/29042024-IMG_20240429_121707-1.jpg?resize=683%2C1024&amp;ssl=1 683w, https:\/\/i0.wp.com\/bretagne.wordcamp.org\/2024\/files\/2024\/05\/29042024-IMG_20240429_121707-1.jpg?resize=200%2C300&amp;ssl=1 200w, https:\/\/i0.wp.com\/bretagne.wordcamp.org\/2024\/files\/2024\/05\/29042024-IMG_20240429_121707-1.jpg?resize=768%2C1152&amp;ssl=1 768w, https:\/\/i0.wp.com\/bretagne.wordcamp.org\/2024\/files\/2024\/05\/29042024-IMG_20240429_121707-1.jpg?resize=1024%2C1536&amp;ssl=1 1024w, https:\/\/i0.wp.com\/bretagne.wordcamp.org\/2024\/files\/2024\/05\/29042024-IMG_20240429_121707-1.jpg?resize=1365%2C2048&amp;ssl=1 1365w, https:\/\/i0.wp.com\/bretagne.wordcamp.org\/2024\/files\/2024\/05\/29042024-IMG_20240429_121707-1.jpg?w=1684&amp;ssl=1 1684w\" sizes=\"auto, (max-width: 683px) 100vw, 683px\" \/><\/figure>\n<\/div>\n<\/div>\n<\/div>\n\n\n\n<h2 class=\"wp-block-heading is-style-default\">Entrez au couvent<\/h2>\n\n\n\n<p class=\"has-text-align-left\">Le <em>Couvent des Jacobins, Centre des Congr\u00e8s de Rennes M\u00e9tropole<\/em> est un cadre exceptionnel pour le <em>WordCamp Bretagne 2024<\/em>.<\/p>\n\n\n\n<p class=\"has-text-align-left\">Situ\u00e9 en plein centre historique de Rennes, c&rsquo;est un lieu unique alliant architecture du XIV<sup>e<\/sup> si\u00e8cle et modernit\u00e9. L&rsquo;endroit parfait pour vous accueillir toutes et tous lors du premier WordCamp breton !<\/p>\n\n\n\n<figure class=\"wp-block-embed alignwide is-type-video is-provider-youtube wp-block-embed-youtube wp-embed-aspect-16-9 wp-has-aspect-ratio has-border-radius-20\" style=\"margin-top:var(--wp--preset--spacing--40)\"><div class=\"wp-block-embed__wrapper\">\n<span class=\"embed-youtube\" style=\"text-align:center; display: block;\"><iframe loading=\"lazy\" class=\"youtube-player\" width=\"640\" height=\"360\" src=\"https:\/\/www.youtube.com\/embed\/w888y1PNk9M?version=3&#038;rel=1&#038;showsearch=0&#038;showinfo=1&#038;iv_load_policy=1&#038;fs=1&#038;hl=fr-FR&#038;autohide=2&#038;wmode=transparent\" allowfullscreen=\"true\" style=\"border:0;\" sandbox=\"allow-scripts allow-same-origin allow-popups allow-presentation allow-popups-to-escape-sandbox\"><\/iframe><\/span>\n<\/div><figcaption class=\"wp-element-caption\">Vid\u00e9o de pr\u00e9sentation du Couvent des Jacobins \u2013 Centre des Congr\u00e8s de Rennes<\/figcaption><\/figure>\n\n\n\n<h2 class=\"wp-block-heading\">Le plan du couvent<\/h2>\n\n\n\n<p>Le WordCamp Bretagne 2024 occupera le Couvent des Jacobins <strong>sur deux niveaux<\/strong>, le rez-de chauss\u00e9e (niveau 0) et le 1er \u00e9tage (niveau +1). Retrouvez le d\u00e9tail de tous les <strong>espaces disponibles<\/strong> pour vous accueillir ci-dessous.<\/p>\n\n\n\n<h3 class=\"wp-block-heading has-medium-font-size\" style=\"margin-top:var(--wp--preset--spacing--30)\">Niveau 0 (Rez-de-chauss\u00e9e)<\/h3>\n\n\n\n<ul class=\"wp-block-list\">\n<li>Un <strong>grand hall d&rsquo;accueil<\/strong> pour r\u00e9cup\u00e9rer les badges<\/li>\n\n\n\n<li>Un <strong>grand atrium<\/strong> pour accueillir tout le monde<\/li>\n\n\n\n<li>Une <strong>nef <\/strong>amphith\u00e9\u00e2tre de 400&nbsp;places pour les conf\u00e9rences g\u00e9n\u00e9rales<\/li>\n\n\n\n<li>Un <strong>clo\u00eetre<\/strong> et ses <strong>galeries<\/strong> pour prendre l&rsquo;air<\/li>\n<\/ul>\n\n\n\n<h3 class=\"wp-block-heading has-medium-font-size\" style=\"margin-top:var(--wp--preset--spacing--30)\">Niveau +1<\/h3>\n\n\n\n<ul class=\"wp-block-list\">\n<li>Un <strong>auditorium<\/strong> de 150&nbsp;places pour les conf\u00e9rences techniques<\/li>\n\n\n\n<li>Une <strong>grande halle<\/strong>&nbsp;d\u2019exposition pour les sponsors et la restauration<\/li>\n<\/ul>\n\n\n\n<figure class=\"wp-block-gallery alignwide has-nested-images columns-default is-cropped wp-block-gallery-7 is-layout-flex wp-block-gallery-is-layout-flex\" style=\"margin-top:var(--wp--preset--spacing--30)\">\n<figure data-wp-context=\"{&quot;imageId&quot;:&quot;69da48d15e231&quot;}\" data-wp-interactive=\"core\/image\" data-wp-key=\"69da48d15e231\" class=\"wp-block-image size-large has-border-radius-20 is-overflow-hidden wp-lightbox-container\"><img data-recalc-dims=\"1\" loading=\"lazy\" decoding=\"async\" width=\"1024\" height=\"683\" data-wp-class--hide=\"state.isContentHidden\" data-wp-class--show=\"state.isContentVisible\" data-wp-init=\"callbacks.setButtonStyles\" data-wp-on--click=\"actions.showLightbox\" data-wp-on--load=\"callbacks.setButtonStyles\" data-wp-on--pointerdown=\"actions.preloadImage\" data-wp-on--pointerenter=\"actions.preloadImageWithDelay\" data-wp-on--pointerleave=\"actions.cancelPreload\" data-wp-on-window--resize=\"callbacks.setButtonStyles\" data-id=\"4290\" src=\"https:\/\/i0.wp.com\/bretagne.wordcamp.org\/2024\/files\/2024\/09\/plan-couvent-wordcamp-rdz-v3.png?resize=1024%2C683&#038;ssl=1\" alt=\"Plan du Niveau 0 (rez-de-chaus\u00e9e) du Couvent des Jacobins pour le WordCamp Bretagne 2024\" class=\"wp-image-4290\" srcset=\"https:\/\/i0.wp.com\/bretagne.wordcamp.org\/2024\/files\/2024\/09\/plan-couvent-wordcamp-rdz-v3.png?resize=1024%2C683&amp;ssl=1 1024w, https:\/\/i0.wp.com\/bretagne.wordcamp.org\/2024\/files\/2024\/09\/plan-couvent-wordcamp-rdz-v3.png?resize=300%2C200&amp;ssl=1 300w, https:\/\/i0.wp.com\/bretagne.wordcamp.org\/2024\/files\/2024\/09\/plan-couvent-wordcamp-rdz-v3.png?resize=768%2C512&amp;ssl=1 768w, https:\/\/i0.wp.com\/bretagne.wordcamp.org\/2024\/files\/2024\/09\/plan-couvent-wordcamp-rdz-v3.png?resize=450%2C300&amp;ssl=1 450w, https:\/\/i0.wp.com\/bretagne.wordcamp.org\/2024\/files\/2024\/09\/plan-couvent-wordcamp-rdz-v3.png?resize=1536%2C1024&amp;ssl=1 1536w, https:\/\/i0.wp.com\/bretagne.wordcamp.org\/2024\/files\/2024\/09\/plan-couvent-wordcamp-rdz-v3.png?resize=2048%2C1365&amp;ssl=1 2048w, https:\/\/i0.wp.com\/bretagne.wordcamp.org\/2024\/files\/2024\/09\/plan-couvent-wordcamp-rdz-v3.png?w=3000&amp;ssl=1 3000w\" sizes=\"auto, (max-width: 1000px) 100vw, 1000px\" \/><button\n\t\t\tclass=\"lightbox-trigger\"\n\t\t\ttype=\"button\"\n\t\t\taria-haspopup=\"dialog\"\n\t\t\taria-label=\"Enlarge\"\n\t\t\tdata-wp-init=\"callbacks.initTriggerButton\"\n\t\t\tdata-wp-on--click=\"actions.showLightbox\"\n\t\t\tdata-wp-style--right=\"state.imageButtonRight\"\n\t\t\tdata-wp-style--top=\"state.imageButtonTop\"\n\t\t>\n\t\t\t<svg xmlns=\"http:\/\/www.w3.org\/2000\/svg\" width=\"12\" height=\"12\" fill=\"none\" viewBox=\"0 0 12 12\">\n\t\t\t\t<path fill=\"#fff\" d=\"M2 0a2 2 0 0 0-2 2v2h1.5V2a.5.5 0 0 1 .5-.5h2V0H2Zm2 10.5H2a.5.5 0 0 1-.5-.5V8H0v2a2 2 0 0 0 2 2h2v-1.5ZM8 12v-1.5h2a.5.5 0 0 0 .5-.5V8H12v2a2 2 0 0 1-2 2H8Zm2-12a2 2 0 0 1 2 2v2h-1.5V2a.5.5 0 0 0-.5-.5H8V0h2Z\" \/>\n\t\t\t<\/svg>\n\t\t<\/button><\/figure>\n\n\n\n<figure data-wp-context=\"{&quot;imageId&quot;:&quot;69da48d15ef51&quot;}\" data-wp-interactive=\"core\/image\" data-wp-key=\"69da48d15ef51\" class=\"wp-block-image size-large has-border-radius-20 is-overflow-hidden wp-lightbox-container\"><img data-recalc-dims=\"1\" loading=\"lazy\" decoding=\"async\" width=\"1024\" height=\"683\" data-wp-class--hide=\"state.isContentHidden\" data-wp-class--show=\"state.isContentVisible\" data-wp-init=\"callbacks.setButtonStyles\" data-wp-on--click=\"actions.showLightbox\" data-wp-on--load=\"callbacks.setButtonStyles\" data-wp-on--pointerdown=\"actions.preloadImage\" data-wp-on--pointerenter=\"actions.preloadImageWithDelay\" data-wp-on--pointerleave=\"actions.cancelPreload\" data-wp-on-window--resize=\"callbacks.setButtonStyles\" data-id=\"4288\" src=\"https:\/\/i0.wp.com\/bretagne.wordcamp.org\/2024\/files\/2024\/09\/plan-couvent-wordcamp-niveau-1-v3.png?resize=1024%2C683&#038;ssl=1\" alt=\"Plan du Niveau +1 du Couvent des Jacobins pour le WordCamp Bretagne 2024 : les Dortoirs, la salle pour les conf\u00e9rences techniques ; la Halle 1, le grand espace pour les sponsors et la restauration.\" class=\"wp-image-4288\" srcset=\"https:\/\/i0.wp.com\/bretagne.wordcamp.org\/2024\/files\/2024\/09\/plan-couvent-wordcamp-niveau-1-v3.png?resize=1024%2C683&amp;ssl=1 1024w, https:\/\/i0.wp.com\/bretagne.wordcamp.org\/2024\/files\/2024\/09\/plan-couvent-wordcamp-niveau-1-v3.png?resize=300%2C200&amp;ssl=1 300w, https:\/\/i0.wp.com\/bretagne.wordcamp.org\/2024\/files\/2024\/09\/plan-couvent-wordcamp-niveau-1-v3.png?resize=768%2C512&amp;ssl=1 768w, https:\/\/i0.wp.com\/bretagne.wordcamp.org\/2024\/files\/2024\/09\/plan-couvent-wordcamp-niveau-1-v3.png?resize=450%2C300&amp;ssl=1 450w, https:\/\/i0.wp.com\/bretagne.wordcamp.org\/2024\/files\/2024\/09\/plan-couvent-wordcamp-niveau-1-v3.png?resize=1536%2C1024&amp;ssl=1 1536w, https:\/\/i0.wp.com\/bretagne.wordcamp.org\/2024\/files\/2024\/09\/plan-couvent-wordcamp-niveau-1-v3.png?resize=2048%2C1365&amp;ssl=1 2048w, https:\/\/i0.wp.com\/bretagne.wordcamp.org\/2024\/files\/2024\/09\/plan-couvent-wordcamp-niveau-1-v3.png?w=3000&amp;ssl=1 3000w\" sizes=\"auto, (max-width: 1000px) 100vw, 1000px\" \/><button\n\t\t\tclass=\"lightbox-trigger\"\n\t\t\ttype=\"button\"\n\t\t\taria-haspopup=\"dialog\"\n\t\t\taria-label=\"Enlarge\"\n\t\t\tdata-wp-init=\"callbacks.initTriggerButton\"\n\t\t\tdata-wp-on--click=\"actions.showLightbox\"\n\t\t\tdata-wp-style--right=\"state.imageButtonRight\"\n\t\t\tdata-wp-style--top=\"state.imageButtonTop\"\n\t\t>\n\t\t\t<svg xmlns=\"http:\/\/www.w3.org\/2000\/svg\" width=\"12\" height=\"12\" fill=\"none\" viewBox=\"0 0 12 12\">\n\t\t\t\t<path fill=\"#fff\" d=\"M2 0a2 2 0 0 0-2 2v2h1.5V2a.5.5 0 0 1 .5-.5h2V0H2Zm2 10.5H2a.5.5 0 0 1-.5-.5V8H0v2a2 2 0 0 0 2 2h2v-1.5ZM8 12v-1.5h2a.5.5 0 0 0 .5-.5V8H12v2a2 2 0 0 1-2 2H8Zm2-12a2 2 0 0 1 2 2v2h-1.5V2a.5.5 0 0 0-.5-.5H8V0h2Z\" \/>\n\t\t\t<\/svg>\n\t\t<\/button><\/figure>\n<\/figure>\n<\/div>\n<\/section>\n","protected":false},"excerpt":{"rendered":"<p>20 Place Sainte-Anne 35000 Rennes Entrez au couvent Le Couvent des Jacobins, Centre des Congr\u00e8s de Rennes M\u00e9tropole est un cadre exceptionnel pour le WordCamp Bretagne 2024. Situ\u00e9 en plein centre historique de Rennes, c&rsquo;est un lieu unique alliant architecture du XIVe si\u00e8cle et modernit\u00e9. L&rsquo;endroit parfait pour vous accueillir toutes et tous lors du [&hellip;]<\/p>\n","protected":false},"author":2913778,"featured_media":0,"parent":0,"menu_order":0,"comment_status":"closed","ping_status":"closed","template":"","meta":{"advanced_seo_description":"","jetpack_seo_html_title":"","jetpack_seo_noindex":false,"jetpack_post_was_ever_published":false,"footnotes":""},"class_list":["post-11","page","type-page","status-publish","hentry"],"jetpack_sharing_enabled":true,"_links":{"self":[{"href":"https:\/\/bretagne.wordcamp.org\/2024\/wp-json\/wp\/v2\/pages\/11","targetHints":{"allow":["GET"]}}],"collection":[{"href":"https:\/\/bretagne.wordcamp.org\/2024\/wp-json\/wp\/v2\/pages"}],"about":[{"href":"https:\/\/bretagne.wordcamp.org\/2024\/wp-json\/wp\/v2\/types\/page"}],"author":[{"embeddable":true,"href":"https:\/\/bretagne.wordcamp.org\/2024\/wp-json\/wp\/v2\/users\/2913778"}],"replies":[{"embeddable":true,"href":"https:\/\/bretagne.wordcamp.org\/2024\/wp-json\/wp\/v2\/comments?post=11"}],"version-history":[{"count":42,"href":"https:\/\/bretagne.wordcamp.org\/2024\/wp-json\/wp\/v2\/pages\/11\/revisions"}],"predecessor-version":[{"id":4292,"href":"https:\/\/bretagne.wordcamp.org\/2024\/wp-json\/wp\/v2\/pages\/11\/revisions\/4292"}],"wp:attachment":[{"href":"https:\/\/bretagne.wordcamp.org\/2024\/wp-json\/wp\/v2\/media?parent=11"}],"curies":[{"name":"wp","href":"https:\/\/api.w.org\/{rel}","templated":true}]}}